{"id":1734,"date":"2019-09-25T17:15:51","date_gmt":"2019-09-25T17:15:51","guid":{"rendered":"https:\/\/www.gjerpenif.no\/wp\/?page_id=1734"},"modified":"2026-02-24T14:03:21","modified_gmt":"2026-02-24T13:03:21","slug":"lopsarrangementer","status":"publish","type":"page","link":"https:\/\/www.gjerpenif.no\/wp\/gruppene\/friidrett\/lopsarrangementer\/","title":{"rendered":"L\u00f8psarrangementer"},"content":{"rendered":"\n<p class=\"has-medium-font-size\">Gjerpen Friidrett arrangerer \u00e5rlig to faste l\u00f8p:<\/p>\n\n\n\n<ul class=\"wp-block-list\">\n<li><strong>Nytt\u00e5rstrimmen<\/strong>: 31. desember med cirka 1400 deltakere <\/li>\n\n\n\n<li><strong>Byl\u00f8pet<\/strong>: f\u00f8rste helg i juni med 6-700 deltakere<\/li>\n<\/ul>\n\n\n\n<p>I tillegg skal vi i 22.08.2026 arrangere <strong>KM i Terrengl\u00f8p<\/strong> i Fritidsparken<\/p>\n\n\n\n<p>Grenland Ultra Runners arrangeres i samarbeid med Gjerpen Friidrett fire stil\u00f8p\/terrengl\u00f8p for barn. L\u00f8pene vil bli publisert p\u00e5 Gjerpen Friidrett sine Facebook sider. <\/p>\n\n\n\n<p><a href=\"https:\/\/www.facebook.com\/groups\/549206228435084\">(4) Gjerpen friidrett trening og l\u00f8p. | Facebook<\/a><\/p>\n\n\n\n<p><a href=\"https:\/\/www.facebook.com\/groups\/506057599864040\">https:\/\/www.facebook.com\/groups\/506057599864040<\/a><\/p>\n\n\n\n<p><\/p>\n\n\n\n<p><\/p>\n","protected":false},"excerpt":{"rendered":"<p>Gjerpen Friidrett arrangerer \u00e5rlig to faste l\u00f8p: Nytt\u00e5rstrimmen: 31. desember med cirka 1400 deltakere Byl\u00f8pet: f\u00f8rste helg i juni med 6-700 deltakere I tillegg skal vi i 22.08.2026 arrangere KM i Terrengl\u00f8p i Fritidsparken Grenland Ultra Runners arrangeres i samarbeid med Gjerpen Friidrett fire stil\u00f8p\/terrengl\u00f8p for barn. L\u00f8pene vil bli publisert p\u00e5 Gjerpen Friidrett sine &hellip;<\/p>\n","protected":false},"author":10,"featured_media":0,"parent":163,"menu_order":0,"comment_status":"closed","ping_status":"closed","template":"","meta":{"footnotes":""},"class_list":["post-1734","page","type-page","status-publish",""],"_links":{"self":[{"href":"https:\/\/www.gjerpenif.no\/wp\/wp-json\/wp\/v2\/pages\/1734"}],"collection":[{"href":"https:\/\/www.gjerpenif.no\/wp\/wp-json\/wp\/v2\/pages"}],"about":[{"href":"https:\/\/www.gjerpenif.no\/wp\/wp-json\/wp\/v2\/types\/page"}],"author":[{"embeddable":true,"href":"https:\/\/www.gjerpenif.no\/wp\/wp-json\/wp\/v2\/users\/10"}],"replies":[{"embeddable":true,"href":"https:\/\/www.gjerpenif.no\/wp\/wp-json\/wp\/v2\/comments?post=1734"}],"version-history":[{"count":8,"href":"https:\/\/www.gjerpenif.no\/wp\/wp-json\/wp\/v2\/pages\/1734\/revisions"}],"predecessor-version":[{"id":3886,"href":"https:\/\/www.gjerpenif.no\/wp\/wp-json\/wp\/v2\/pages\/1734\/revisions\/3886"}],"up":[{"embeddable":true,"href":"https:\/\/www.gjerpenif.no\/wp\/wp-json\/wp\/v2\/pages\/163"}],"wp:attachment":[{"href":"https:\/\/www.gjerpenif.no\/wp\/wp-json\/wp\/v2\/media?parent=1734"}],"curies":[{"name":"wp","href":"https:\/\/api.w.org\/{rel}","templated":true}]}}

Løpsarrangementer

<p class="has-medium-font-size">Gjerpen Friidrett arrangerer årlig to faste løp:</p>



<ul class="wp-block-list">
<li><strong>Nyttårstrimmen</strong>: 31. desember med cirka 1400 deltakere </li>



<li><strong>Byløpet</strong>: første helg i juni med 6-700 deltakere</li>
</ul>



<p>I tillegg skal vi i 22.08.2026 arrangere <strong>KM i Terrengløp</strong> i Fritidsparken</p>



<p>Grenland Ultra Runners arrangeres i samarbeid med Gjerpen Friidrett fire stiløp/terrengløp for barn. Løpene vil bli publisert på Gjerpen Friidrett sine Facebook sider. </p>



<p><a href="https://www.facebook.com/groups/549206228435084">(4) Gjerpen friidrett trening og løp. | Facebook</a></p>



<p><a href="https://www.facebook.com/groups/506057599864040">https://www.facebook.com/groups/506057599864040</a></p>



<p></p>



<p></p>

<p>Gjerpen Friidrett arrangerer årlig to faste løp: Nyttårstrimmen: 31. desember med cirka 1400 deltakere Byløpet: første helg i juni med 6-700 deltakere I tillegg skal vi i 22.08.2026 arrangere KM i Terrengløp i Fritidsparken Grenland Ultra Runners arrangeres i samarbeid med Gjerpen Friidrett fire stiløp/terrengløp for barn. Løpene vil bli publisert på Gjerpen Friidrett sine &hellip;</p>
